uppose -5*i + y + 20 = 1, 5*y = i - 23. Let m = 3 - i. Suppose -u + 4*u - 159 = m. Is u prime?
True
Suppose 13*p - 5816 - 10590 = 0. Is p a prime number?
False
Suppose 0 = -a - a + 120. Let i be 2/12 - 130/a. Is i/(-2)*(-2219)/(-7) a composite number?
False
Suppose -c = -4*c + 9. Suppose -2*a + 9115 = c*a. Let z = a + -1240. Is z a prime number?
False
Let m(y) = -43*y + 4. Suppose -3*v + 42 = -4*j, -4*j + 15 = j. Let k = 15 - v. Is m(k) prime?
False
Let p(u) = u**3 + 5*u**2 - 5*u + 8. Let v be p(-6). Suppose -3*z = -2*s + 6, -5*z = -v*s + 7*s + 35. Is 21258/30 + z/(-10) composite?
False
Suppose 23*x - 24*x = -3*i - 517, 3*i = 0. Is x a prime number?
False
Let d(c) = -c - 5. Let v be d(-7). Let b be ((-289)/4)/(v/(-8)). Suppose -t + r + b + 1 = 0, 2*t - 5*r - 571 = 0. Is t a prime number?
True
Let a(h) = 308*h - 1102. Is a(25) a composite number?
True
Suppose 0 = -x + 6*x - 450. Suppose -2*u = -c + x, u = 5*c + 2*u - 472. Let p = c - 11. Is p prime?
True
Let p = 5136 - 107. Is p composite?
True
Let v(l) = l**3 + 7*l - 7. Suppose o - 171 + 165 = 0. Is v(o) composite?
False
Suppose 0 = -c + 7*c - 5196. Is (-1)/(-3) + c/3 a composite number?
True
Let w = -6883 - -1849. Is (1/(-4))/1 - w/8 a composite number?
True
Is 3/(-4) + 5449321/284 composite?
True
Let g = 15847 - 8696. Is g composite?
False
Suppose -35*f = -27*f - 288. Let d be 18/(-14) - 2/(-7). Let m = f + d. Is m composite?
True
Suppose 0 = -2*x + 3*x - 3. Suppose 2*m = -x*i + 399, i + i - 992 = -5*m. Let t = m - 85. Is t a composite number?
False
Let m(f) = -3*f - 4. Let t be m(-3). Suppose -3*c + 2*c = 1, 0 = -t*j + c + 36. Is -2 + 355 - (j + -7) composite?
False
Suppose 21*f = 27*f - 332490. Is f prime?
False
Suppose 0 = 4*p - 4*h - 604, -3*p + 21*h + 446 = 25*h. Let k(m) = m - 81. Let t be k(0). Let z = t + p. Is z a prime number?
False
Is (-9292)/(-2) + (11 - (10 + -2)) a composite number?
False
Suppose -5*v + 3156 = -9869. Is v a prime number?
False
Suppose 0 = 5*p + 34 + 6. Let w(s) = s**3 + 8*s**2 + 4. Let n be w(p). Suppose -n*r = r - 575. Is r composite?
True
Suppose -23*q - 10594 = -25*q. Is q a prime number?
True
Suppose 0 = -3*p + 1153 + 65. Let l = p - 113. Is l a prime number?
True
Let m = 20 + -16. Suppose -2006 = -5*r - 3*t, -2*t - 2*t + 1600 = m*r. Is r a prime number?
False
Suppose 13*t - 11*t = 6. Suppose 0 = 3*o + 2*l - 155, 0*l = 2*o + t*l - 100. Is o a prime number?
True
Is ((-9)/(-6))/(7/3752*4) prime?
False
Suppose 0 = -4*l - 2*d + 94, 0*l = -l - 4*d + 27. Suppose -4*v - 15 = -l. Suppose 2*r = v*p - 0*p + 276, r - 122 = -3*p. Is r a composite number?
True
Suppose 0 = 5*c - 10, 44*b - 43*b - c = 20859. Is b a prime number?
False
Let v(i) = i**2 - 2*i + 1. Let z be v(3). Suppose -l - 2*t = -221, -l + 0*l + 219 = z*t. Is l a composite number?
False
Let g be 90/24*8/3. Suppose -g*n + 1936 = -6*n. Suppose 3*m - n = -m. Is m composite?
True
Let j be 2/3*((-9)/(-3) + -315). Let n = 627 + j. Is n a prime number?
True
Suppose -3*i + g + 9 = -3, 4*i = 5*g + 5. Let z(w) = 100*w - 51. Is z(i) prime?
True
Let v be (28/42)/((-2)/9). Let x(u) = 32*u**2 - 2*u + 4. Is x(v) prime?
False
Suppose -17*p = -2*o - 18*p + 17137, -42829 = -5*o + 2*p. Is o a composite number?
True
Suppose 9*t = -19*t + 174860. Is t a prime number?
False
Suppose 739 = x - 3*b + 4*b, x + 5*b - 723 = 0. Is x a prime number?
True
Let v(o) = 2*o**3 - 6*o**2 - 5*o + 3. Let y be v(-4). Let h = 134 + y. Let x = h - -206. Is x composite?
False
Suppose 11*c - 23 = 43. Suppose -c*z = -z - 265. Is z prime?
True
Suppose 21 = -3*z + 30. Suppose -z*l + 424 = -5*b, 0 = -3*l - b + 165 + 229. Is l composite?
True
Suppose 5*k + 2*p = 42317, -3*k - 4*p + 17031 + 8348 = 0. Is k composite?
True
Is (1680476/(-84))/((-3)/9) composite?
False
Suppose 38*f = 6*f + 58208. Is f composite?
True
Let p = 2240 + -1167. Suppose -p - 329 = -2*x. Let d = -490 + x. Is d prime?
True
Is ((-4 - -2) + 8 - 1) + 404 prime?
True
Suppose 0 = p - 2 - 4. Is p/27 - (-1915)/9 prime?
False
Suppose 67558 = h + 3*q + 4070, -5*q + 190444 = 3*h. Is h composite?
False
Is 82576/112 + 2/(-7) composite?
True
Let i(d) = -14*d - 33. Is i(-13) a prime number?
True
Let r(q) = q**3 + 22*q**2 - 10*q - 25. Let d be r(-18). Let y = d - -526. Is y a prime number?
False
Let f(o) = 3*o**2 - 3*o + 3. Let l be f(3). Suppose 0 = -3*a - r + 578, a - l - 150 = 4*r. Is a prime?
True
Let m(b) = -b**3 - 11*b**2 - 14*b - 4. Let w be m(-11). Suppose n = 5*k - w, 129 = 5*k - k + n. Is k prime?
True
Suppose 2*n + 4*g + 8 = 28, -n = 5*g - 22. Suppose 0 = -5*j - n*d - 429 - 399, 5*d = 3*j + 503. Let a = j - -521. Is a composite?
True
Suppose 0 = m - g + 1, 3*g - 3 = -m - 4. Let v be (-17)/((-3)/21*m). Is (v/(-14))/((-2)/(-28)) composite?
True
Let v be (-3554)/(-3)*5/((-10)/6). Let m = -1980 - v. Is m prime?
False
Suppose 119*z - 118*z = 4073. Is z a prime number?
True
Let l(g) = 13*g**2 - g - 95. Is l(18) a composite number?
False
Suppose 0 = f + 3*t - 9, -4*t = -2*t - 4. Let q(j) = 27*j**3 + 3*j**2 + 2*j - 4. Is q(f) a composite number?
True
Let w(u) = 11*u**2 - 9*u + 19. Let q(d) = -5*d**2 + 5*d - 9. Let s(t) = -13*q(t) - 6*w(t). Let n be s(-8). Suppose 0 = 3*c - n - 18. Is c a composite number?
True
Let h(l) = -24*l + 17. Let q be h(-6). Suppose q = 2*s + 45. Is s a prime number?
False
Let x(i) = 1490*i**2 + 21. Is x(4) composite?
True
Let x be 130/(-14) - 12/(-42). Let p = x - -14. Suppose j - 3*i + p*i = 629, 2549 = 4*j - 3*i. Is j a prime number?
False
Let f(i) = -i**2 - 6*i + 25. Let o be f(-9). Is (-1 - 154/4)/(o/4) a composite number?
False
Suppose -22 = m + 3*w + 8, -3*m = w + 58. Let s = m + 20. Suppose 0 = s*b - 7*b + l + 196, -l = -3*b + 118. Is b prime?
False
Let u(r) = 3*r**2 + 6*r - 4. Let m be u(4). Let c = -9 - m. Let j = 384 + c. Is j composite?
False
Let j = 847 + 412. Is j composite?
False
Let r(m) be the third derivative of 263*m**5/30 + m**4/12 - m**3/6 - 7*m**2. Is r(1) composite?
True
Suppose 0 = 2*h + 10 - 18. Is ((-1)/(-2))/(-1) + 1278/h a composite number?
True
Let o = 118 - -6. Let b(f) = f**2 + 1. Let a be b(-2). Suppose 3*x - o = -y, y = -10*x + a*x + 134. Is y a prime number?
True
Suppose 34*x = 3704513 + 219393. Is x composite?
True
Let r = -55 - 161. Let b = 343 + r. Is b a composite number?
False
Let y(p) = 2*p - 5. Let h be y(5). Suppose h*v = 13 + 12. Suppose 257 = v*m - 218. Is m prime?
False
Suppose 5*g + 2*r + 7 = 22, 3*g + 2*r = 5. Suppose 2762 = 2*h - g*f, 0*h + h = -2*f + 1399. Is h composite?
True
Let k(y) = -13*y**2 + y + 2. Let m be k(-2). Suppose b + b = -10, 0 = -4*d - b + 287. Let x = m + d. Is x a composite number?
True
Let m(l) = -264*l - 1. Let o = 13 - 11. Suppose -o*s + 4*s + 4 = 0. Is m(s) a prime number?
False
Suppose w = 67 + 135. Is (1/(-3)*-9)/(3/w) a composite number?
True
Suppose -2*i - m = -10488, i = -0*i + m + 5247. Is i prime?
False
Let r(b) be the first derivative of b**6/360 - b**5/60 - b**4/24 + 4*b**3/3 + 2. Let f(i) be the third derivative of r(i). Is f(8) prime?
True
Suppose 0 = -7*v + 3*v + 6164. Suppose -3*c = -3*x + 1137, -4*x = -0*x + c - v. Suppose 251 = 2*b - 3*g, -4*g + g + x = 3*b. Is b composite?
False
Let t(f) = f - 7. Let k be t(7). Suppose k = 4*w - 5*i - 167 - 49, -i = 5*w - 270. Suppose h + w = 141. Is h a composite number?
True
Is (-1107958)/(-136) - (-2)/8 a composite number?
False
Let g = 25 + -15. Suppose g = -4*p + 6. Is (-4032)/(-16) - (-1)/p prime?
True
Let v(w) = w**3 + w - 1. Let z be v(1). Let r be (-2 + 2/z)/(-4). Suppose -3*i - 4*j = -1603, -1633 = -3*i + 2*j - r*j. Is i composite?
False
Suppose 5*k = -4*p + 35, 0 = -0*k + 5*k - p - 10. Suppose 0*t - 6 = k*t. Let c(z) = -36*z**3 + 2*z**2 - 1. Is c(t) prime?
False
Let h(k) = 288*k - 133. Is h(32) composite?
True
Let k(v) = 96*v - 11. Is k(5) a composite number?
True
Let j(y) = 421*y**2 - 33*y - 3. Is j(-5) composite?
False
Is 3300/(-1 - -2) - (4 - 3) a composite number?
False
Let t(n) = 8*n - 2. Let k be t(-3). Let p be ((6/5)/(-2))/(2/(-170)). Let w = p + k. Is w prime?
False
Let j = 570 + 286. Let w = -497 + j. Is w a prime number?
True
Suppose j - 5 = 6. Let g = j - 9. Suppose 5*w + g*p = 60 - 7, 4*w - 5*p = 16. Is w composite?
True
Let m(h) = -h**3 - h + 23*h + 6*h**2 - 9 - 5. Is m(-11) a composite number?
False
Suppose 3*z - 1185 = -0